{"id":24,"date":"2019-06-03T17:16:52","date_gmt":"2019-06-03T15:16:52","guid":{"rendered":"http:\/\/geraldinemaurin.com\/pouratlefaire\/?page_id=24"},"modified":"2019-06-24T14:50:58","modified_gmt":"2019-06-24T12:50:58","slug":"projet-tour","status":"publish","type":"page","link":"https:\/\/www.geraldinemaurin.com\/pouratlefaire\/projet-tour\/","title":{"rendered":"Projet \/ Tour"},"content":{"rendered":"<h2>Pourat, pourat pas ?!<br \/>\nHip hip hip Pourat !<br \/>\nA petits Pourat, on fait du chemin !<\/h2>\n<p>Famille Pourat : Papa Xavier, Maman G\u00e9raldine (tous deux avec une jolie quarantaine) et Petite Fille Mathilde (pile 10 ans !) comme dirait Olga P\u00e4rn, l\u2019illustratrice Estonienne de notre beau logo! Notre Grande Fille Charlotte (belle vingtaine) termine ses \u00e9tudes \u00e0 Bruxelles. Nous voyagerons donc \u00e0 3 ! D\u00e9part de la Dr\u00f4me des Collines en juin 2020.<\/p>\n<p>Il y a un peu moins de 20 ans, une amie ch\u00e8re est partie 20 mois faire un tour du monde. A l\u2019\u00e9poque, aux balbutiements d\u2019internet, pas de blogs, sites, r\u00e9seaux sociaux, sms&#8230; ! Mais ses cartes postales, qui mois par mois, faisaient r\u00eaver ! D\u00e9j\u00e0, l\u2019envie, mais pas le cran de le faire&#8230;<br \/>\nIl y a un peu moins de 3 ans, des <a href=\"https:\/\/flofripfamilytour.com\/\" target=\"_blank\" rel=\"noopener noreferrer\">amis-voisins<\/a> nous annoncent qu\u2019ils partent faire un an en Am\u00e9rique du Sud en CC avec leurs enfants. On regarde l\u2019\u00e9mission Grands reportages et les aventures de <a href=\"http:\/\/www.untouracinq.com\/\" target=\"_blank\" rel=\"noopener noreferrer\">Un tour \u00e0 cinq<\/a>. Dans la foul\u00e9e, s\u2019encha\u00eenent autour de nous des morts soudaines de gens jeunes\u2026 D\u00e9clic. Un soir de f\u00e9vrier 2017, la t\u00eate sur l\u2019oreiller\u2026 : \u00ab &#8211; Dis, \u00e7a te dit, on part un an ? &#8211; Ouais, carr\u00e9ment ! \u00bb<\/p>\n<p>Un an pour souffler, arr\u00eater de \u00abcourir\u00bb tout le temps, pour savourer l\u2019instant pr\u00e9sent. Pour d\u00e9couvrir, se d\u00e9couvrir. UN AN DE VOYAGE&#8230; Juste ces quatre mots l\u00e0, et on plane d\u00e9j\u00e0 !<\/p>\n<p>A l\u2019origine, on avait envie d\u2019aller en Mongolie, mais pour plusieurs raisons (paperasseries, co\u00fbts, technique v\u00e9hicule\u2026), on a abandonn\u00e9 l\u2019id\u00e9e et tr\u00e8s vite une nouvelle est apparue :<\/p>\n<p>Six mois en camping-car en Europe du Nord. Parce qu\u2019on n\u2019ira jamais l\u00e0-bas sinon et parce que pour un premier voyage nomade, l\u2019Europe du Nord nous appara\u00eet easy et malgr\u00e9 tout inconnue.<\/p>\n<p>Six mois en Asie du Sud-Est en sac \u00e0 dos. Parce qu\u2019on en r\u00eave. Parce que c\u2019est assez facile en famille et parce que l\u2019id\u00e9e d\u2019un autre mode de voyage apr\u00e8s nos six mois nomades nous pla\u00eet bien.<\/p>\n<p>Notre camping-car, dit \u00ab le Camion \u00bb (nom tr\u00e8s original!) est un Mercedes Laika de 2003. Spontan\u00e9ment on l\u2019a nomm\u00e9 \u00ab le Camion \u00bb car son moteur ronronne comme celui d\u2019un poids-lourd !<br \/>\n90 000 kms \u00e0 l\u2019achat (presque neuf quoi!) &#8211; 4 places cartes grises \u2013 capucine \u2013 petits lits superpos\u00e9s \u00e0 l\u2019arri\u00e8re \u2013 porte cellule \u00e0 l\u2019avant. Parfait pour notre famille de trois. (Plus de d\u00e9tails sur la page \u00ab camping-car &amp; sac \u00e0 dos \u00bb)<\/p>\n<p style=\"text-align: center;\"><a href=\"https:\/\/www.geraldinemaurin.com\/pouratlefaire\/wp-content\/uploads\/2019\/06\/52E577EA-DB14-4E91-9CB9-91418C1B888E.jpeg\"><img loading=\"lazy\" class=\"aligncenter size-large wp-image-164\" src=\"https:\/\/www.geraldinemaurin.com\/pouratlefaire\/wp-content\/uploads\/2019\/06\/52E577EA-DB14-4E91-9CB9-91418C1B888E-1024x768.jpeg\" alt=\"\" width=\"1024\" height=\"768\" srcset=\"https:\/\/www.geraldinemaurin.com\/pouratlefaire\/wp-content\/uploads\/2019\/06\/52E577EA-DB14-4E91-9CB9-91418C1B888E-1024x768.jpeg 1024w, https:\/\/www.geraldinemaurin.com\/pouratlefaire\/wp-content\/uploads\/2019\/06\/52E577EA-DB14-4E91-9CB9-91418C1B888E-300x225.jpeg 300w, https:\/\/www.geraldinemaurin.com\/pouratlefaire\/wp-content\/uploads\/2019\/06\/52E577EA-DB14-4E91-9CB9-91418C1B888E-768x576.jpeg 768w, https:\/\/www.geraldinemaurin.com\/pouratlefaire\/wp-content\/uploads\/2019\/06\/52E577EA-DB14-4E91-9CB9-91418C1B888E-1320x990.jpeg 1320w, https:\/\/www.geraldinemaurin.com\/pouratlefaire\/wp-content\/uploads\/2019\/06\/52E577EA-DB14-4E91-9CB9-91418C1B888E.jpeg 1600w\" sizes=\"(max-width: 1024px) 100vw, 1024px\" \/><\/a><\/p>\n<p>Les sacs \u00e0 dos\u2026 Ben en fait, on dit qu\u2019on part en sac \u00e0 dos, mais c\u2019est tr\u00e8s pr\u00e9tentieux ! Car au moment de l\u2019\u00e9criture de ces lignes, Xavier a une valise de 80l sur roulettes et on pr\u00e9voit d\u2019acheter 2 valises cabines \u00e0 roulettes pour Mathilde et moi ! N\u00e9anmoins, les contraintes restent les m\u00eames : le minimum ! Emporter le M I N I M U M ! D\u00e9j\u00e0, \u00e7a c\u2019est un challenge ! Sur place, de pensions en chambres d\u2019h\u00f4tes, de bus en bateau en passant par les tuk-tuk, v\u00e9los, et peut-\u00eatre m\u00eame les dos d\u2019\u00e2nes !<\/p>\n<p>Deux voyages bien diff\u00e9rents !<\/p>\n<p>Et dans ce projet de voyage au long cours, se glissent, comme des marque-pages dans un bouquin, les contes\u2026 En cours de route, en Europe et en Asie, je conterai mes petites histoires. J\u2019ai aussi envie de collecter les comptines de l\u2019enfance, celles qui bercent, embaument le coeur, \u00e9veillent l\u2019esprit et s\u2019imprime dans l\u2019\u00e2me \u00e0 jamais\u2026 Fr\u00e8re Jacques, Fr\u00e8re Jacques, dormez vous, dormez vous ?<\/p>\n","protected":false},"excerpt":{"rendered":"<p>Pourat, pourat pas ?! Hip hip hip Pourat ! A petits Pourat, on fait du chemin ! Famille Pourat : Papa Xavier, Maman G\u00e9raldine (tous deux avec une jolie quarantaine) et Petite Fille Mathilde (pile 10 ans !) comme dirait Olga P\u00e4rn, l\u2019illustratrice Estonienne de notre beau logo! Notre Grande Fille Charlotte (belle vingtaine) termine [&hellip;]<\/p>\n","protected":false},"author":1,"featured_media":0,"parent":0,"menu_order":0,"comment_status":"closed","ping_status":"closed","template":"","meta":{"spay_email":""},"_links":{"self":[{"href":"https:\/\/www.geraldinemaurin.com\/pouratlefaire\/wp-json\/wp\/v2\/pages\/24"}],"collection":[{"href":"https:\/\/www.geraldinemaurin.com\/pouratlefaire\/wp-json\/wp\/v2\/pages"}],"about":[{"href":"https:\/\/www.geraldinemaurin.com\/pouratlefaire\/wp-json\/wp\/v2\/types\/page"}],"author":[{"embeddable":true,"href":"https:\/\/www.geraldinemaurin.com\/pouratlefaire\/wp-json\/wp\/v2\/users\/1"}],"replies":[{"embeddable":true,"href":"https:\/\/www.geraldinemaurin.com\/pouratlefaire\/wp-json\/wp\/v2\/comments?post=24"}],"version-history":[{"count":6,"href":"https:\/\/www.geraldinemaurin.com\/pouratlefaire\/wp-json\/wp\/v2\/pages\/24\/revisions"}],"predecessor-version":[{"id":299,"href":"https:\/\/www.geraldinemaurin.com\/pouratlefaire\/wp-json\/wp\/v2\/pages\/24\/revisions\/299"}],"wp:attachment":[{"href":"https:\/\/www.geraldinemaurin.com\/pouratlefaire\/wp-json\/wp\/v2\/media?parent=24"}],"curies":[{"name":"wp","href":"https:\/\/api.w.org\/{rel}","templated":true}]}}