{"id":103,"date":"2019-06-07T11:49:53","date_gmt":"2019-06-07T09:49:53","guid":{"rendered":"https:\/\/geraldinemaurin.com\/pouratlefaire\/?page_id=103"},"modified":"2019-06-09T21:25:29","modified_gmt":"2019-06-09T19:25:29","slug":"sinscrire-au-blog","status":"publish","type":"page","link":"https:\/\/www.geraldinemaurin.com\/pouratlefaire\/sinscrire-au-blog\/","title":{"rendered":"S&#8217;inscrire au blog"},"content":{"rendered":"  \n\n  \n  <div id=\"mailpoet_form_1\" class=\"mailpoet_form mailpoet_form_shortcode\">\n    <style type=\"text\/css\">.mailpoet_hp_email_label{display:none;}#mailpoet_form_1 .mailpoet_form {  }\n#mailpoet_form_1 .mailpoet_paragraph { line-height: 20px; }\n#mailpoet_form_1 .mailpoet_segment_label, #mailpoet_form_1 .mailpoet_text_label, #mailpoet_form_1 .mailpoet_textarea_label, #mailpoet_form_1 .mailpoet_select_label, #mailpoet_form_1 .mailpoet_radio_label, #mailpoet_form_1 .mailpoet_checkbox_label, #mailpoet_form_1 .mailpoet_list_label, #mailpoet_form_1 .mailpoet_date_label { display: block; font-weight: bold; }\n#mailpoet_form_1 .mailpoet_text, #mailpoet_form_1 .mailpoet_textarea, #mailpoet_form_1 .mailpoet_select, #mailpoet_form_1 .mailpoet_date_month, #mailpoet_form_1 .mailpoet_date_day, #mailpoet_form_1 .mailpoet_date_year, #mailpoet_form_1 .mailpoet_date { display: block; }\n#mailpoet_form_1 .mailpoet_text, #mailpoet_form_1 .mailpoet_textarea { width: 200px; }\n#mailpoet_form_1 .mailpoet_checkbox {  }\n#mailpoet_form_1 .mailpoet_submit input {  }\n#mailpoet_form_1 .mailpoet_divider {  }\n#mailpoet_form_1 .mailpoet_message {  }\n#mailpoet_form_1 .mailpoet_validate_success { font-weight: 600; color: #468847; }\n#mailpoet_form_1 .mailpoet_validate_error { color: #b94a48; }\n#mailpoet_form_1 .mailpoet_form_loading { width: 30px; text-align: center; line-height: normal; }\n#mailpoet_form_1 .mailpoet_form_loading > span { width: 5px; height: 5px; background-color: #5b5b5b; }<\/style>\n    <form\n      target=\"_self\"\n      method=\"post\"\n      action=\"https:\/\/www.geraldinemaurin.com\/pouratlefaire\/wp-admin\/admin-post.php?action=mailpoet_subscription_form\"\n      class=\"mailpoet_form mailpoet_form_shortcode\"\n      novalidate\n    >\n      <input type=\"hidden\" name=\"data[form_id]\" value=\"1\" \/>\n      <input type=\"hidden\" name=\"token\" value=\"150c15f064\" \/>\n      <input type=\"hidden\" name=\"api_version\" value=\"v1\" \/>\n      <input type=\"hidden\" name=\"endpoint\" value=\"subscribers\" \/>\n      <input type=\"hidden\" name=\"mailpoet_method\" value=\"subscribe\" \/>\n\n      <label class=\"mailpoet_hp_email_label\">Veuillez laisser ce champ vide<input type=\"email\" name=\"data[email]\"><\/label><p class=\"mailpoet_paragraph\"><label class=\"mailpoet_text_label\">Pr\u00e9nom<\/label><input type=\"text\" class=\"mailpoet_text\" name=\"data[form_field_YTEzZTQ1YjAzMDE0X2ZpcnN0X25hbWU=]\" title=\"Pr\u00e9nom\" value=\"\"  \/><\/p>\n<p class=\"mailpoet_paragraph\"><label class=\"mailpoet_text_label\">E-mail <span class=\"mailpoet_required\">*<\/span><\/label><input type=\"email\" class=\"mailpoet_text\" name=\"data[form_field_ZGNiNWY1MmM0YThhX2VtYWls]\" title=\"E-mail\" value=\"\" data-automation-id=\"form_email\" data-parsley-required=\"true\" data-parsley-minlength=\"6\" data-parsley-maxlength=\"150\" data-parsley-error-message=\"Veuillez sp\u00e9cifier une adresse de messagerie valide.\" data-parsley-required-message=\"Ce champ est n\u00e9cessaire.\"\/><\/p>\n<p class=\"mailpoet_paragraph\">Nous gardons vos donn\u00e9es priv\u00e9es et ne les partageons qu\u2019avec les tierces parties qui rendent ce service possible. <a href=\"\">Lire notre politique de confidentialit\u00e9.<\/a><\/p>\n<div class=\"mailpoet_recaptcha\" data-sitekey=\"6Lfe66YUAAAAAEPz4hEqWRHNU_tX9s-uLXd1PTcB\">\n          <div class=\"mailpoet_recaptcha_container\"><\/div>\n          <noscript>\n            <div>\n              <div style=\"width: 302px; height: 422px; position: relative;\">\n                <div style=\"width: 302px; height: 422px; position: absolute;\">\n                  <iframe src=\"https:\/\/www.google.com\/recaptcha\/api\/fallback?k=6Lfe66YUAAAAAEPz4hEqWRHNU_tX9s-uLXd1PTcB\" frameborder=\"0\" scrolling=\"no\" style=\"width: 302px; height:422px; border-style: none;\">\n                  <\/iframe>\n                <\/div>\n              <\/div>\n              <div style=\"width: 300px; height: 60px; border-style: none; bottom: 12px; left: 25px; margin: 0px; padding: 0px; right: 25px; background: #f9f9f9; border: 1px solid #c1c1c1; border-radius: 3px;\">\n                <textarea id=\"g-recaptcha-response\" name=\"data[recaptcha]\" class=\"g-recaptcha-response\" style=\"width: 250px; height: 40px; border: 1px solid #c1c1c1; margin: 10px 25px; padding: 0px; resize: none;\" >\n                <\/textarea>\n              <\/div>\n            <\/div>\n          <\/noscript>\n          <input class=\"mailpoet_recaptcha_field\" type=\"hidden\" name=\"recaptcha\">\n        <\/div><p class=\"mailpoet_paragraph\"><input type=\"submit\" class=\"mailpoet_submit\" value=\"Je m\u2019abonne\u00a0!\" data-automation-id=\"subscribe-submit-button\" \/><span class=\"mailpoet_form_loading\"><span class=\"mailpoet_bounce1\"><\/span><span class=\"mailpoet_bounce2\"><\/span><span class=\"mailpoet_bounce3\"><\/span><\/span><\/p>\n\n      <div class=\"mailpoet_message\">\n        <p class=\"mailpoet_validate_success\"\n                    style=\"display:none;\"\n                  >V\u00e9rifiez votre boite de r\u00e9ception ou votre r\u00e9pertoire d\u2019ind\u00e9sirables pour confirmer votre abonnement.\n        <\/p>\n        <p class=\"mailpoet_validate_error\"\n                    style=\"display:none;\"\n                  >        <\/p>\n      <\/div>\n    <\/form>\n  <\/div>\n  \n\n","protected":false},"excerpt":{"rendered":"","protected":false},"author":1,"featured_media":0,"parent":0,"menu_order":0,"comment_status":"closed","ping_status":"closed","template":"","meta":{"spay_email":""},"_links":{"self":[{"href":"https:\/\/www.geraldinemaurin.com\/pouratlefaire\/wp-json\/wp\/v2\/pages\/103"}],"collection":[{"href":"https:\/\/www.geraldinemaurin.com\/pouratlefaire\/wp-json\/wp\/v2\/pages"}],"about":[{"href":"https:\/\/www.geraldinemaurin.com\/pouratlefaire\/wp-json\/wp\/v2\/types\/page"}],"author":[{"embeddable":true,"href":"https:\/\/www.geraldinemaurin.com\/pouratlefaire\/wp-json\/wp\/v2\/users\/1"}],"replies":[{"embeddable":true,"href":"https:\/\/www.geraldinemaurin.com\/pouratlefaire\/wp-json\/wp\/v2\/comments?post=103"}],"version-history":[{"count":1,"href":"https:\/\/www.geraldinemaurin.com\/pouratlefaire\/wp-json\/wp\/v2\/pages\/103\/revisions"}],"predecessor-version":[{"id":104,"href":"https:\/\/www.geraldinemaurin.com\/pouratlefaire\/wp-json\/wp\/v2\/pages\/103\/revisions\/104"}],"wp:attachment":[{"href":"https:\/\/www.geraldinemaurin.com\/pouratlefaire\/wp-json\/wp\/v2\/media?parent=103"}],"curies":[{"name":"wp","href":"https:\/\/api.w.org\/{rel}","templated":true}]}}